(-1).
-12
Let j(f) = f**2 - 2. Let r = 11 + -13. What is j(r)?
2
Let k be (1*-3)/((-5)/25). Let m be (-81)/k - 4/(-10). Let f(j) = -j**3 - 6*j**2 - 5*j. What is f(m)?
0
Suppose -3*y + 3*g = -g - 38, g + 32 = 3*y. Let b = -14 + y. Let l(j) be the second derivative of j**3/3 + j**2 - j. Give l(b).
-6
Let h(b) be the second derivative of 5*b**3/6 - b**2/2 - 5*b. Suppose 5*z + 16 = -2*l, -2*z + 20 = -7*z. What is h(l)?
9
Let q(t) = 4 - t + 2*t + 1. Let u be q(-6). Let c(s) = -s**2 + 3*s**2 - s + s**3 - 3 + 2. Calculate c(u).
1
Let i(l) = 7*l**2 - 9*l - 16. Let h(u) be the third derivative of u**5/20 - 5*u**4/24 - 4*u**3/3 + 3*u**2. Let y(k) = -9*h(k) + 4*i(k). Calculate y(-6).
-10
Suppose 2*l + 6 = 4*l. Let g(m) = 5*m**2 - 2*m - 5. Let a(f) = -24*f**2 + 10*f + 24. Let v(p) = l*a(p) + 14*g(p). Let t = 5 + -7. Calculate v(t).
-10
Suppose -5*y + i = -y + 17, -4*y = 2*i + 2. Let d(c) = c**3 + 3*c**2 - 3*c. Calculate d(y).
9
Let x(v) = -v**3 + 3*v - 3. Suppose -4*w + 7 = -9. Let c be 6/12 + 6/w. What is x(c)?
-5
Let w(c) = -4*c**2 + 9*c - 2*c**2 - 3 + 5*c**2. What is w(7)?
11
Let v(x) = x - 1. Let w be v(3). Let g(l) = l**2 - 3*l - 4. Let q(z) = 2*z**2 - 7*z - 7. Let s(f) = w*q(f) - 5*g(f). Calculate s(0).
6
Let u(w) be the first derivative of -w**2/2 + 3. Let z be u(-3). Let r(b) be the second derivative of b**5/20 - b**4/12 - b**3/3 - 2*b**2 + b. Determine r(z).
8
Let b(j) = j**3 + 4*j**2 - j - 4. Let a(q) = -q + 1. Let x(n) = -a(n) - b(n). Let i = 1 - 5. What is x(i)?
-5
Suppose 3*d - 8 = -17. Let v(g) = -g - 6. What is v(d)?
-3
Let r(b) = b + 2. Let t be r(-2). Let f(k) = 2*k**3 + 3*k**2 - 7*k + 5. Let h(v) = -3*v**3 - 4*v**2 + 10*v - 7. Let i(g) = -7*f(g) - 5*h(g). Determine i(t).
0
Let w = 28 + -18. Suppose -w = -0*y - 5*y. Let p(m) = 7*m - 3. Give p(y).
11
Suppose 3*g - n = 4*n + 1, 0 = -5*n + 5. Let t(y) = 7*y - 13. Let j(u) = -10*u + 19. Let i(k) = -5*j(k) - 7*t(k). Determine i(g).
-2
Let r(m) be the second derivative of m**5/20 - m**4/4 + m**3/6 + m**2/2 - 2*m. Let l be -2 - -1 - (-3 - 1). Let c = l - 1. Determine r(c).
-1
Let j(m) = 0 - m - 4 - 3. Suppose 2*u - 3*u = 3. Calculate j(u).
-4
Let h be -2 - 6*(-4 - 14/(-4)). Let d(x) = 6*x - 5. Let b(k) = -17*k + 14. Let m(f) = -4*b(f) - 11*d(f). What is m(h)?
1
Let z be 133/35 + (-1)/(-5). Let o(k) = -k - 2. Give o(z).
-6
Let t be ((-2)/6)/((-1)/15). Suppose -t*g = -2*g. Let s(q) = 2*q + 10. Let p(a) = a + 5. Let u(w) = 11*p(w) - 6*s(w). What is u(g)?
-5
Suppose -p + 0*p + 1 = 0. Let c(b) = b**3 - 2*b**2 + b. Give c(p).
0
Let d(y) = y - 7. Let k(h) = h**3 - 5*h**2 - 5*h - 4. Let q be k(6). Suppose -q*v - 3*v = -5*x + 5, v = -5*x + 23. Suppose 5*o - x*o = 5. What is d(o)?
-2
Let t(v) = -2 - v + 5*v - 2*v + 3. What is t(1)?
3
Let x = -97 + 107. Let r(k) = -k**3 + 9*k**2 + 10*k - 7. What is r(x)?
-7
Let n be 5/(-10)*(-20)/2. Let d = n - 8. Let u(i) = -2*i + 4. Calculate u(d).
10
Let y be 4*-1 - 0 - -2. Let b = y - 0. Let j(p) = p**2 + 4*p + 1. Determine j(b).
-3
Let y(d) be the first derivative of d**3/3 + 3*d**2 - 5*d - 1. Let k(a) = 2*a + 2. Let b be k(-4). Calculate y(b).
-5
Let l(w) = -2*w - 11. Let z(i) = 3*i + 13. Let v(q) = -4*l(q) - 3*z(q). What is v(8)?
-3
Let d = 25 + -13. Suppose 0 = -f - 5*f + d. Let r(s) = 4*s. Calculate r(f).
8
Let f(u) = -u**2 + 6*u - 5. Let m be f(4). Let z(y) = 6*y. Let n(k) = -2*k + k + 0*k. Let s(j) = 5*n(j) + z(j). What is s(m)?
3
Let g(t) = -5*t**2 + 2*t + 4. Let j(c) = -c**2 - c. Let i(w) = -g(w) + 6*j(w). Let z = -13 - -8. Determine i(z).
11
Let w be (4/6)/(-2) - 270/(-81). Let p(o) = -o**3 + 3*o**2 + 2*o - 3. Calculate p(w).
3
Let i be (-6)/27 - (-80)/36. Let f(r) = -2 + 1 - 5*r + r**i + 4*r. What is f(2)?
1
Let x(u) = -3*u + 2*u - 2 - 1 + 4*u**3 + 1 - 7*u**2. Let t(r) = 3*r**3 - 6*r**2 - 2*r - 2. Let c(j) = 3*t(j) - 2*x(j). Determine c(5).
3
Let v be (-20)/(-6)*3/2. Suppose -4*n + 0*n + 19 = -v*q, 5*q + 4*n = -11. Let d(m) be the first derivative of -m**3/3 - 2*m**2 - 1. Calculate d(q).
3
Let m(c) be the third derivative of 5*c**2 + 0 + 1/30*c**5 - 1/3*c**3 + 0*c + 0*c**4. Give m(2).
6
Let s(t) = -3*t**2 - 3*t - 2. Suppose -31*o - 10 = -26*o. Determine s(o).
-8
Let m be 3/(-2) + 35/10. Let g(v) = 3*v**3 + v**2 - 1 - 5*v**3 + v**2. Determine g(m).
-9
Let i(b) = -2*b**3 + b**3 + 3*b**2 + 4 - 6 - 3 + 6*b. Give i(4).
3
Suppose -3 = -3*u + 15. Let b(m) = 3*m - 9. Give b(u).
9
Suppose -3*k - 2*s - 7 = 0, -2*k + k - 4*s - 19 = 0. Let a(q) = -10*q - 5. Let v(j) = -9*j - 4. Let y(u) = 5*a(u) - 6*v(u). Calculate y(k).
3
Let s(x) = -4*x - 5. Let v(c) = c + 1. Let z(p) = -s(p) - 6*v(p). Let i(l) = -2*l - 1. Let a(d) = -6*i(d) + 5*z(d). What is a(-1)?
-1
Let q be (6/4)/((-5)/(-10)). Let t(n) = -n**q + n**2 - 2*n - 2 - 8 + 9. Give t(2).
-9
Let t be 1 - ((1 - 0) + 2). Let s(o) be the third derivative of o**6/120 + o**5/20 + o**4/8 + o**3/3 + 99*o**2 - 2. What is s(t)?
0
Let n = 1 - -1. Suppose 2*i + 13 = 3*r, -i + n*r - 5*r - 2 = 0. Let g(d) = -d**3 - 4*d**2 + 7*d + 5. Calculate g(i).
-5
Let d(j) = -8*j + j - 2 - 1. Let x be 4/10 - (-6)/(-15). Suppose 2*w + x = -4. Give d(w).
11
Let x(w) = -4*w - 3*w**2 + 1 + 4*w**2 - 7. Suppose -3*a = -a + 10. Let q(k) = k**2 + 5*k + 5. Let b be q(a). Calculate x(b).
-1
Let n(c) = c**2 + 2*c. Let q be n(-2). Let d(u) = -u + 3 - 2 - 5. What is d(q)?
-4
Let j be 15/(-6)*6/5. Let d(n) = -4*n - 4. Determine d(j).
8
Suppose 5*v - 2 = 4*v. Let u(b) be the first derivative of 1/2*b**2 + v + 6*b. What is u(0)?
6
Let s(t) = -t + 1. Suppose -2*h + 16 = -4. Suppose -w = -2*f + h, 0*f - 2*w - 5 = -f. What is s(f)?
-4
Suppose 0 = -8*z + 3*z. Suppose z + 10 = 2*n. Let a(x) = x**2 - 5*x + 3. What is a(n)?
3
Let x(r) = r - 2. Let w be x(4). Let q(d) = -3*d**2 + 4*d + 2. Let i(o) = 0*o**2 - 2*o**2 + o**2. Let u(g) = w*i(g) - q(g). Calculate u(5).
3
Suppose -2*b + 3*j + 12 = 2, -4*b = 4*j. Let w(i) = -6*i**3 + 0 - 4*i**b + 1 + 5*i**3 + 5*i. Let m be 2 - -7*(1 - 2). Calculate w(m).
1
Let v(s) = -s**2 - s - 2. Let h be v(-2). Let t = 2 + h. Let k be 38/9 + t/9. Let q(f) = -f**2 + 4*f + 3. What is q(k)?
3
Let z(q) = q**2 - 2*q + 1. Let t be (-99)/(-22) - (-2)/(-4). Give z(t).
9
Let y(r) = 0*r + 2*r - 3 - 2. Determine y(4).
3
Suppose -5*q - 51 = -2*y, 3*q + 15 = -2*y - 2*y. Let z = 2 + q. Let x = 4 + z. Let c(t) = -t**2 - 4*t - 1. What is c(x)?
2
Let i(u) be the second derivative of 3*u**5/20 - u**4/3 + u**3/3 - 4*u. What is i(2)?
12
Suppose w - 6*w = -5. Let x(b) = 2*b - 6*b - w + 1 + 3 + b**2. Let n be (9/12)/((-1)/(-4)). Determine x(n).
0
Let z(r) = -5*r**2 + r - 1. Let o = -97 - -98. What is z(o)?
-5
Let t(c) = -14*c**2 - c + 1. Let a(s) = 2*s**3 + 5*s**2 + s - 1. Let l be a(-2). Calculate t(l).
-14
Let k be 0 - 3*4/(-6). Let d(g) = k - 3*g**2 - g**3 - 5*g**3 + 13*g**3 - 5*g - 6*g**3. What is d(4)?
-2
Suppose 13 = 4*t - 11. Let z = 3 - t. Let q(h) = -2*h**2 - h + 3. What is q(z)?
-12
Suppose 0 = -3*k + 7*k. Let j(x) be the third derivative of -2*x**2 + 7/60*x**5 + 0*x**4 + 0*x**3 + k*x + 0. Determine j(-1).
7
Let y(t) = t**2 + 8*t + 3. Suppose 2*s - 6 = b, -5*b + 3*s - 34 = 3. Let z be y(b). Let l(j) = -j**3 - 1 - 4*j + 2*j + 2*j**2 + 2*j**z. Determine l(-2).
3
Let v(s) = s**2 - 4*s + 5. Let c = -17 + 8. Let f be ((-6)/c)/(1/6). What is v(f)?
5
Let z(f) = f**2 + 3*f + 2. Let o(n) = -n**3 + 7*n**2 + 7*n + 10. Let r be o(8). Suppose r*g = -12 + 4. What is z(g)?
6
Let k(f) = 11*f + 7. Let m(y) = 5*y + 3. Let p(l) = -4*k(l) + 9*m(l). Give p(0).
-1
Let i(h) = h + 4. Let c be 8 + -10 - (-3)/(3/7). What is i(c)?
9
Suppose -3*f - 8 = 2*z, 3*z + 0*z = 2*f - 38. Let m be 8*(3 - z/(-4)). Let t(b) = -3*b - 1. Give t(m).
-13
Suppose 0 = -3*x - 6*l + l - 10, -4*l = -x + 8. Suppose -4*n = -x*n - 12. Let v(s) = n*s + 0*s + 0 + 6. Give v(-4).
-6
Suppose 0 = -m - 0*m + 19. Suppose 5*j - m = 6. Let c(k) be the second derivative of k**4/12 - 5*k**3/6 - k**2/2 - k. Calculate c(j).
-1
Let w(i) = i - 9. Suppose -h + 0*h + 3 = 0. Let r = 0 + 6. Suppose 0 = -h*f - r, x = 2*f + 4 - 0. Determine w(x).
-9
Suppose -2*z = -3*b + 38, -95 = 5*z - 6*b + 2*b. Let y = z + 17. Let g(i) = 4*i + i**2 - 5*i - 2*i**2. What is g(y)?
-2
Let x(h) be the third derivative of 0*h**3 - 3*h**2 + 0*h - 1/8*h**4 + 0. Calculate x(-2).
6
Let o be 105/(-28) - (-1)/(-4). Let y(l) = -4*l + 1 - 5*l**2 - l